 25428 is divided by 18?
12
Calculate the remainder when 1011 is divided by 992.
19
What is the remainder when 47292 is divided by 214?
212
Calculate the remainder when 4337 is divided by 399.
347
Calculate the remainder when 2720 is divided by 115.
75
Calculate the remainder when 1488652 is divided by 149.
142
What is the remainder when 32786 is divided by 995?
946
What is the remainder when 12203 is divided by 235?
218
Calculate the remainder when 654566 is divided by 654562.
4
Calculate the remainder when 1161 is divided by 251.
157
What is the remainder when 18703 is divided by 65?
48
Calculate the remainder when 116191 is divided by 32.
31
What is the remainder when 946 is divided by 10?
6
What is the remainder when 1960 is divided by 80?
40
Calculate the remainder when 51048 is divided by 385.
228
What is the remainder when 2290 is divided by 687?
229
What is the remainder when 60533 is divided by 20175?
8
What is the remainder when 8745 is divided by 257?
7
What is the remainder when 93909 is divided by 9388?
29
What is the remainder when 1944 is divided by 276?
12
Calculate the remainder when 32214 is divided by 5359.
60
What is the remainder when 41840 is divided by 1?
0
What is the remainder when 10435 is divided by 28?
19
What is the remainder when 5620 is divided by 628?
596
What is the remainder when 1233462 is divided by 205576?
6
Calculate the remainder when 117390 is divided by 20.
10
Calculate the remainder when 13367 is divided by 119.
39
Calculate the remainder when 1373 is divided by 122.
31
Calculate the remainder when 588542 is divided by 346.
342
What is the remainder when 388151 is divided by 129365?
56
Calculate the remainder when 16160 is divided by 202.
0
What is the remainder when 2202 is divided by 38?
36
Calculate the remainder when 319369 is divided by 99.
94
What is the remainder when 945866 is divided by 62?
56
Calculate the remainder when 38571 is divided by 12761.
288
What is the remainder when 11923 is divided by 7?
2
What is the remainder when 4531 is divided by 746?
55
Calculate the remainder when 949677 is divided by 240.
237
What is the remainder when 17979 is divided by 5895?
294
Calculate the remainder when 12461 is divided by 6225.
11
What is the remainder when 14719 is divided by 93?
25
What is the remainder when 8188 is divided by 1485?
763
Calculate the remainder when 881 is divided by 618.
263
What is the remainder when 17193 is divided by 1561?
22
Calculate the remainder when 461242 is divided by 14.
12
What is the remainder when 169367 is divided by 644?
639
What is the remainder when 9420 is divided by 29?
24
Calculate the remainder when 6530 is divided by 950.
830
Calculate the remainder when 190588 is divided by 16.
12
What is the remainder when 46091 is divided by 43?
38
Calculate the remainder when 124858 is divided by 1372.
6
What is the remainder when 1561 is divided by 922?
639
Calculate the remainder when 545 is divided by 114.
89
What is the remainder when 9524 is divided by 4699?
126
Calculate the remainder when 4628 is divided by 133.
106
What is the remainder when 6092 is divided by 67?
62
What is the remainder when 1743 is divided by 53?
47
Calculate the remainder when 15467 is divided by 248.
91
Calculate the remainder when 444351 is divided by 210.
201
Calculate the remainder when 546985 is divided by 30.
25
What is the remainder when 304447 is divided by 304426?
21
Calculate the remainder when 11970 is divided by 53.
45
What is the remainder when 1430199 is divided by 100?
99
What is the remainder when 27101 is divided by 242?
239
Calculate the remainder when 2201 is divided by 303.
80
What is the remainder when 75263 is divided by 392?
391
Calculate the remainder when 9726 is divided by 269.
42
What is the remainder when 9839 is divided by 328?
327
Calculate the remainder when 14576 is divided by 221.
211
Calculate the remainder when 137545 is divided by 299.
5
What is the remainder when 192792 is divided by 628?
624
What is the remainder when 13951 is divided by 2277?
289
What is the remainder when 50445 is divided by 63?
45
What is the remainder when 45051 is divided by 17?
1
What is the remainder when 35191 is divided by 17591?
9
Calculate the remainder when 1961 is divided by 129.
26
What is the remainder when 213533 is divided by 70?
33
Calculate the remainder when 817 is divided by 162.
7
Calculate the remainder when 140951 is divided by 46975.
26
Calculate the remainder when 6527 is divided by 687.
344
Calculate the remainder when 1774 is divided by 868.
38
Calculate the remainder when 12750 is divided by 2117.
48
Calculate the remainder when 47539 is divided by 457.
11
What is the remainder when 35564 is divided by 8762?
516
Calculate the remainder when 33797 is divided by 6.
5
What is the remainder when 65936 is divided by 31?
30
What is the remainder when 4587 is divided by 28?
23
What is the remainder when 13878 is divided by 163?
23
Calculate the remainder when 1263 is divided by 301.
59
Calculate the remainder when 362816 is divided by 12.
8
Calculate the remainder when 63115 is divided by 1372.
3
What is the remainder when 22078 is divided by 184?
182
What is the remainder when 4766 is divided by 181?
60
What is the remainder when 90657 is divided by 2211?
6
What is the remainder when 7013 is divided by 420?
293
Calculate the remainder when 6016 is divided by 1980.
76
What is the remainder when 69250 is divided by 69238?
12
Calculate the remainder when 978 is divided by 424.
130
Calculate the remainder when 2346 is divided by 104.
58
What is the remainder when 18049 is divided by 752?
1
What is the remainder when 3756 is divided by 1852?
52
Calculate the remainder when 39811 is divided by 204.
31
Calculate the remainder when 9050 is divided by 4422.
206
Calculate the remainder when 577 is divided by 355.
222
Calculate the remainder when 1026 is divided by 606.
420
Calculate the remainder when 6521 is divided by 894.
263
What is the remainder when 226871 is divided by 44?
7
Calculate the remainder when 3003 is divided by 959.
126
Calculate the remainder when 1897 is divided by 404.
281
What is the remainder when 4658 is divided by 1000?
658
Calculate the remainder when 787743 is divided by 25.
18
Calculate the remainder when 4500 is divided by 101.
56
What is the remainder when 19021 is divided by 1901?
11
What is the remainder when 34614 is divided by 1647?
27
What is the remainder when 4070 is divided by 229?
177
Calculate the remainder when 754154 is divided by 64.
42
What is the remainder when 231496 is divided by 409?
2
Calculate the remainder when 52181 is divided by 441.
143
What is the remainder when 52036 is divided by 118?
116
What is the remainder when 4622 is divided by 3?
2
What is the remainder when 429633 is divided by 659?
624
Calculate the remainder when 38540 is divided by 1744.
172
What is the remainder when 36050 is divided by 626?
368
Calculate the remainder when 26320 is divided by 3754.
42
What is the remainder when 86682 is divided by 344?
338
What is the remainder when 248864 is divided by 6?
2
What is the remainder when 115143 is divided by 76?
3
Calculate the remainder when 1772 is divided by 173.
42
What is the remainder when 431517 is divided by 174?
171
Calculate the remainder when 13080 is divided by 1.
0
What is the remainder when 57718 is divided by 27?
19
What is the remainder when 785519 is divided by 29?
25
What is the remainder when 8079 is divided by 165?
159
Calculate the remainder when 54699 is divided by 68.
27
Calculate the remainder when 17116 is divided by 41.
19
Calculate the remainder when 4317 is divided by 50.
17
Calculate the remainder when 4965 is divided by 163.
75
Calculate the remainder when 30528 is divided by 10145.
93
What is the remainder when 15141 is divided by 33?
27
What is the remainder when 244033 is divided by 61005?
13
Calculate the remainder when 21703 is divided by 87.
40
Calculate the remainder when 445531 is divided by 16.
11
What is the remainder when 10859 is divided by 10859?
0
Calculate the remainder when 760 is divided by 69.
1
Calculate the remainder when 311 is divided by 213.
98
Calculate the remainder when 207159 is divided by 431.
279
What is the remainder when 50929 is divided by 2